 - 133 = -4*m + 72, -m = 3*q - 64. What is the greatest common factor of 88 and m?
11
Let x be -208*5/(90/(-9)). Suppose 4*z + 4*c = x, 17*c + 76 = 2*z + 13*c. Let a(l) = 2*l + 2. Let v be a(2). Calculate the highest common factor of v and z.
6
Suppose -3*c - 2*m + 7 = 0, -4*c - 3*m + 12 - 4 = 0. Suppose 1390 = c*y + 4*v - 9*v, 0 = -y - 4*v + 253. Calculate the greatest common divisor of 21 and y.
21
Suppose -2*m - 38 = -166. Let y = m + -1. Let v = -50 + y. What is the greatest common divisor of v and 1?
1
Suppose -v + 4*g + 814 = -917, -8560 = -5*v + g. What is the greatest common factor of v and 87?
29
Let l = -34 - 466. Let d = l + 524. Calculate the greatest common factor of d and 88.
8
Let u = -95 - -105. Suppose 0 = 5*x - 4*h - 22, 3*h + 4 = u. Calculate the greatest common factor of 87 and x.
3
Let m = -486 + 600. Suppose -5*p = 3*r - m, r + 2*r + 6 = 0. Calculate the greatest common factor of 456 and p.
24
Let y = -11439 - -14213. Calculate the greatest common divisor of y and 266.
38
Let g(x) = 8*x**2 - 4*x - 7. Let s be g(-3). Let k be (-2)/6 - s/21*1. Let j = 2 - k. What is the highest common divisor of 15 and j?
3
Let j be 33/55 + (-437)/(-5). Suppose 0 = -49*v - 50*v + 3168. What is the greatest common divisor of j and v?
8
Let c(p) = 436*p + 3. Let k = -61 + 62. Let s be c(k). Let o = s - 227. Calculate the highest common factor of o and 53.
53
Suppose -18 + 2 = -8*q. Suppose q*b = -5*n - 231, 3*n + 0 = b + 99. Let s be ((-2)/6)/(3/b*3). What is the greatest common divisor of s and 28?
4
Let a be (-8 - (-29430)/55) + (-27)/297. Calculate the highest common divisor of 775 and a.
31
Let w be ((-91)/(-26))/(5/10). What is the highest common divisor of 1148 and w?
7
Let i(k) = -5*k**2 + k - 34. Let x be i(-9). Let f be 32/x - 338/(-28). Calculate the greatest common factor of f and 174.
6
Let k(v) = 7*v**2 + 80*v + 73. Let j be k(-11). Calculate the greatest common divisor of j and 1128.
8
Suppose 7*y + 6*y = 5252. Let g = -365 + y. Calculate the highest common divisor of 6 and g.
3
Let f(s) = 56*s**2 - 41 - 104*s - 44*s**2 - 15*s**2. Let u be f(-34). Calculate the highest common divisor of u and 2.
1
Let y = -22477 + 35152. Let x be -2 + (y/165 - 2/(-11)). Calculate the greatest common divisor of 45 and x.
15
Let t(b) = -2*b**2 - 21*b + 27. Let n be t(-11). Let c = 779 - 419. Let z = c - 184. Calculate the highest common divisor of n and z.
16
Suppose 0*r + 8 = 3*r - i, 3*r + 5*i = -4. Suppose 4590 = r*h + 1836. Suppose 6*o + 3*o = h. What is the greatest common factor of o and 9?
9
Let x be ((4/6)/((-76)/(-114)))/((-6)/(-522)). Calculate the greatest common factor of 1189 and x.
29
Let z(g) = -g - 2. Let k be (-4 + 8)*1/((-20)/55). Let l be z(k). Calculate the greatest common divisor of 144 and l.
9
Let p be (-3676 + 12)*(12/8)/(-3). Calculate the greatest common divisor of 3893 and p.
229
Suppose -r - 283 = -4*w + 505, -4*r = 0. Let t = -162 + w. Calculate the highest common divisor of 15 and t.
5
Let q(m) = -28*m - 24. Let r be q(10). Let x = r + 336. Calculate the highest common factor of 416 and x.
32
Suppose -27*l = -11*l - 5936. Let q = l - 366. Calculate the highest common factor of 55 and q.
5
Suppose 0 = -17*t + 15*t + 5*x + 3071, -15 = -3*x. What is the highest common factor of t and 129?
129
Suppose -72*r + 75*r = 366. Suppose -109*z = -r*z + 143. Suppose 3*s - 297 = -0*s. What is the greatest common divisor of s and z?
11
Let i(h) = 64*h - 6. Let g be i(-3). Let n = 246 + g. What is the highest common factor of 16 and n?
16
Let k = 69 + 28. Let u be (1 + k/5)/((-12)/(-40)). Calculate the highest common divisor of 238 and u.
34
Suppose 0 = 5*s - 0*s - 350. Let v = -51 + 64. Suppose -r + 5*q - v = -68, -r - 3*q + 23 = 0. Calculate the highest common divisor of r and s.
35
Let b be (-135)/(-162) - (-1800440)/48. Calculate the highest common factor of 310 and b.
310
Suppose 736 = 28*f - 552. Suppose -2*c = 4*s - 88, 5*s - f = 2*c + 64. Calculate the highest common divisor of 8 and s.
2
Let b = 7 - -35. Suppose 3*t - 1261 = -13*t + 2435. Calculate the highest common divisor of b and t.
21
Let m(l) = 13*l**2 - l - 165. Let s be m(-14). What is the highest common factor of s and 51?
51
Let f(v) = v**3 - 3*v**2 - v - 7. Let p be f(5). Let l = 39 - p. Let c be ((-144)/(-27))/(l/15). What is the greatest common factor of c and 40?
40
Let g be (0 - -9) + 304/38. Let q be 12/(-102) + 274/g. What is the highest common factor of 100 and q?
4
Let n(l) = 2*l**2 - 167*l + 3369. Let i be n(25). What is the highest common factor of i and 660?
12
Let p(u) = -2*u**2 + 10*u - 6. Let m = 36 - 33. Let o be p(m). What is the greatest common factor of o and 6?
6
Let d(w) = w**3 + 21*w**2 - 159*w - 2. Let r be d(6). Suppose 58 + 22 = 5*g. What is the greatest common divisor of r and g?
16
Let w be (1 - 136/(-6)) + (-107)/(-321). Let t = -21 - -27. Let z(p) = -p**3 + 5*p**2 + 8*p - 9. Let m be z(t). Calculate the highest common divisor of m and w.
3
Suppose 4*x + 44726 = 15*x. Calculate the greatest common divisor of 642 and x.
214
Suppose -2*u + 4 = 0, 17*r - 4*u = 21*r - 16. Suppose 4*l = 5 + 7. Suppose -2 - l = -5*q. What is the highest common divisor of q and r?
1
Let p(a) = -4*a**2 - 34*a - 22. Let o be p(-8). Let z be (o/(-12))/(-1)*-2. Calculate the highest common factor of z and 9.
1
Let o be ((-64)/6)/2*((-3570)/(-40))/(-7). Calculate the greatest common divisor of o and 2006.
34
Suppose 2*g - 9*j = -7*j + 14, 2*g + 1 = -j. Suppose g*s = -4*f + 704, -274 - 1456 = -5*s - 4*f. Calculate the greatest common divisor of 36 and s.
18
Suppose -5365 - 20386 + 3511 = -278*p. Suppose -h = -1, 0 = -5*m - h - 6 + 32. Calculate the highest common divisor of p and m.
5
Let t be 8*((-62)/(-16) + (-168)/448). What is the greatest common divisor of 1246 and t?
14
Let l(o) = o**3 + 3*o**2 - 14*o - 16. Let a be l(-5). Let j be 4850/500 - (-3)/10. Calculate the greatest common factor of j and a.
2
Let g = 2994 - 1938. What is the greatest common factor of g and 33?
33
Let r = -514 - -522. Suppose 3*k - r*k + p + 537 = 0, 117 = k + 3*p. Calculate the greatest common factor of 90 and k.
18
Let r be (-13504)/(-48)*30/4 - (19 + -25). Calculate the greatest common factor of 230 and r.
46
Suppose -2*t - 72 = -3*n, -4*n - 27*t + 110 = -25*t. Calculate the highest common factor of n and 3978.
26
Suppose -3*r + 2*a = 0, r - 3*a = 2*r. Suppose r = -12*t + 10*t + 34. Calculate the highest common factor of t and 119.
17
Suppose 0 = -3*z - 4*v - v + 14, -2*z - 5*v + 16 = 0. Let s(r) = -3*r**3 + 3*r**2 + 3*r - 2. Let x be s(z). What is the greatest common factor of x and 476?
28
Suppose r - 4*r = -51. Suppose 2*f - 82 = -w - 91, 2*f = -5*w - 5. Calculate the greatest common divisor of w and r.
1
Suppose -o = 4*c - 162, -c + 6*c - 321 = -2*o. Let a = o - 157. Let u(g) = 7*g. Let m be u(1). What is the greatest common divisor of m and a?
1
Suppose 56496 - 14856 = 5*l + 15*h, 2*h - 41588 = -5*l. What is the greatest common factor of 63 and l?
63
Let r(p) = -2*p + 10. Let q be r(3). Suppose -18*n + 784 = -q*n. Calculate the greatest common factor of 8 and n.
8
Let o be (60 - 6)/(9/6). Suppose -r = -10*r + o. Let l be (1 + 7)*30/r. Calculate the highest common divisor of 24 and l.
12
Let b(v) = 53 + 54 + 5*v - 146 + 54. Let c be b(-2). What is the highest common divisor of 65 and c?
5
Let y be (0 + (-441)/(-1))*1. Calculate the greatest common divisor of y and 99.
9
Suppose 2752 = 5*u + p, 17*u - 8763 = u + 3*p. What is the greatest common factor of u and 51?
3
Suppose 3*k - 4 = 2. Let a be (-2)/(-1)*(k + 0). Suppose -4*q + 8 = -a. Calculate the highest common factor of q and 2.
1
Suppose -14102 = -32*n + 10*n. Suppose 4000 = 21*i - n. Calculate the highest common factor of 17 and i.
17
Suppose 3*b + 24*l - 5940 = 26*l, 3*l = 2*l. What is the greatest common divisor of 3795 and b?
165
Let x(h) = 118*h + 993. Let f be x(-6). What is the greatest common divisor of 15 and f?
15
Suppose i + 3*t - 25 = 0, -2*t + 4*t = 5*i - 176. Suppose -5*h + i = -3*h. Calculate the greatest common divisor of 136 and h.
17
Let t(g) = -g**2 - 9*g + 27. Let o be t(-11). Suppose 2*q = 5*i + 830 - 195, 4*q + o*i - 1285 = 0. What is the highest common factor of 128 and q?
64
Let l be (16 + -3)/(1